{"id":1792,"date":"2021-10-19T08:55:00","date_gmt":"2021-10-19T07:55:00","guid":{"rendered":"https:\/\/walldorf.gruene-kurpfalz-hardt.de\/?page_id=1792"},"modified":"2021-10-19T08:55:00","modified_gmt":"2021-10-19T07:55:00","slug":"ortsverband","status":"publish","type":"page","link":"https:\/\/walldorf.gruene-hardt.de\/?page_id=1792","title":{"rendered":"Ortsverband"},"content":{"rendered":"\n<p>Der Walldorfer Ortsverband von B\u00fcndnis 90\/Die Gr\u00fcnen engagiert sich seit fast 40 Jahren in der Stadt, sowohl im Gemeinderat als auch zivilgesellschaftlich. Er veranstaltet regelm\u00e4\u00dfig Vortr\u00e4ge, Diskussions- und Informationsveranstaltungen zu verschiedenen, lokalpolitisch bedeutsamen Themen und m\u00f6chte mit den B\u00fcrgerinnen und B\u00fcrgern Walldorfs in konstantem Austausch \u00fcber die Zukunft der Stadt und ihren Kurs im 21. Jahrhundert stehen. Wir freuen uns \u00fcber alle Kontaktaufnahmen per <a href=\"mailto:ov-gruene-walldorf@web.de\">E-Mail<\/a>, auf <a href=\"https:\/\/www.facebook.com\/gruene.walldorf\">Facebook <\/a>oder <a href=\"https:\/\/www.instagram.com\/gruenewalldorf\/\">Instagram <\/a>&#8211; oder sprecht uns einfach an! <\/p>\n","protected":false},"excerpt":{"rendered":"<p>Der Walldorfer Ortsverband von B\u00fcndnis 90\/Die Gr\u00fcnen engagiert sich seit fast 40 Jahren in der Stadt, sowohl im Gemeinderat als auch zivilgesellschaftlich. Er veranstaltet regelm\u00e4\u00dfig Vortr\u00e4ge, Diskussions- und Informationsveranstaltungen zu&#8230; <\/p>\n","protected":false},"author":1,"featured_media":1834,"parent":0,"menu_order":1,"comment_status":"closed","ping_status":"closed","template":"","meta":{"footnotes":""},"class_list":["post-1792","page","type-page","status-publish","has-post-thumbnail","hentry"],"_links":{"self":[{"href":"https:\/\/walldorf.gruene-hardt.de\/index.php?rest_route=\/wp\/v2\/pages\/1792","targetHints":{"allow":["GET"]}}],"collection":[{"href":"https:\/\/walldorf.gruene-hardt.de\/index.php?rest_route=\/wp\/v2\/pages"}],"about":[{"href":"https:\/\/walldorf.gruene-hardt.de\/index.php?rest_route=\/wp\/v2\/types\/page"}],"author":[{"embeddable":true,"href":"https:\/\/walldorf.gruene-hardt.de\/index.php?rest_route=\/wp\/v2\/users\/1"}],"replies":[{"embeddable":true,"href":"https:\/\/walldorf.gruene-hardt.de\/index.php?rest_route=%2Fwp%2Fv2%2Fcomments&post=1792"}],"version-history":[{"count":0,"href":"https:\/\/walldorf.gruene-hardt.de\/index.php?rest_route=\/wp\/v2\/pages\/1792\/revisions"}],"wp:featuredmedia":[{"embeddable":true,"href":"https:\/\/walldorf.gruene-hardt.de\/index.php?rest_route=\/wp\/v2\/media\/1834"}],"wp:attachment":[{"href":"https:\/\/walldorf.gruene-hardt.de\/index.php?rest_route=%2Fwp%2Fv2%2Fmedia&parent=1792"}],"curies":[{"name":"wp","href":"https:\/\/api.w.org\/{rel}","templated":true}]}}